e k(-7). Suppose u + 2*z + 496 - q = 0, 4*z = 5*u - 8289. Is u prime?
True
Suppose -3*q = -4*u + 15685, -5*q + 7327 = 2*u - 522. Suppose -v = -2*v - 23. Let h = v + u. Is h a composite number?
True
Let g be 184 + (-7)/((-21)/(-27)). Suppose -184*v + 77481 = -g*v. Is v a prime number?
True
Let y = 35 - 74. Let c(j) = 4*j - 4. Let i be c(0). Let z = i - y. Is z composite?
True
Let x(u) = 34974*u - 3. Let f be x(1). Is (-19)/57*f*-1 prime?
True
Let p = 57185 - 20454. Is p a composite number?
True
Let t(u) = 7245*u + 3623. Is t(4) prime?
True
Let d be 9 - -1 - (17 + -15). Suppose 12 = 4*f - d*f. Is 786*(f + (-7)/(-2)) a composite number?
True
Let z(b) = -13785*b - 706. Is z(-3) a composite number?
True
Suppose 12*p - 899698 + 247618 = 0. Suppose 4*v = -4*o + p, -31112 - 9647 = -3*o - 2*v. Is o composite?
True
Suppose -z = -q + 1, 4*z + q + 5 = 6. Suppose z = 3*m - 3*t - t - 57777, -m = -t - 19260. Is m a composite number?
True
Let m = 22461 - 10346. Is m a composite number?
True
Suppose -5*k = 4*o - 20520, -4*k - 6*o = -2*o - 16412. Suppose k - 1451 = n. Is n a composite number?
False
Let j be 6/(-8)*8/(-6)*-18. Let b be (j/27)/(2/30). Is (-1 + (-22)/b)*(-1075)/(-10) prime?
False
Suppose 26562192 + 11932471 = 93*o + 7346452. Is o composite?
True
Let m(c) = -c**2 - 9*c - 11. Let w be m(-8). Let b(z) = -z**2 + 8. Let y be b(w). Is 0 + (-2 - y - -210) prime?
False
Let f(c) = -187*c**3 - 2*c**2 + 5*c + 9. Let m be f(-2). Let a = m - 1008. Is a prime?
True
Let r(a) = 654*a**3 - 31*a**2 - 11*a + 20. Let x(p) = -436*p**3 + 21*p**2 + 7*p - 13. Let s(y) = -5*r(y) - 7*x(y). Is s(-4) a prime number?
False
Suppose -11*n - q + 2214 = -9*n, -4*n + 4432 = q. Is n composite?
False
Let u = -265 - -257. Is (-2)/(-14)*4419 - u/(-28) prime?
True
Let h(a) be the first derivative of 9*a**4 + 3*a**3/2 + 17*a**2/2 - 22*a + 18. Let j(o) be the first derivative of h(o). Is j(-4) a prime number?
True
Suppose 0 = 2*x - 4*q - 5 - 41, -5*q = 10. Let k(t) = 22*t - 30*t - 1 + x*t**2 + 15*t. Is k(4) a composite number?
False
Let n = 331343 + 49416. Is n a composite number?
True
Suppose -r = -2*u - 43, 0 = 3*r + 4*u - 6*u - 117. Suppose -28522 = 11*k - r*k. Is k prime?
True
Suppose 17 - 25 = -2*g. Let u be ((-3944)/(-51))/(-1 + g/6). Let s = -155 - u. Is s composite?
True
Let u be ((-5)/4)/((-9)/36). Suppose u = -6*q + 11. Is 5/(5/486) - q a prime number?
False
Let p be 0/((-9)/(-3) - 4). Suppose z - 15 = -11, -3*q + z + 16109 = p. Is q prime?
False
Suppose -12*a + 6*a + 31*a = 0. Suppose a = -4*n - 2*g - g + 3571, n - 869 = 4*g. Is n composite?
True
Let j = 16054 + -11285. Let w = j + -78. Is w a composite number?
False
Let v(z) = -3*z**2 - 5*z - 1. Let h be v(-9). Let i be (-8)/(-20) - (517/5 - -2). Let p = i - h. Is p a composite number?
True
Let h = 103 - 10. Suppose -d - h = -1173. Suppose -5*w + 5*p = -d, 6*w - 3*w - 643 = 2*p. Is w prime?
True
Let t be ((-36)/(-48))/((3/32072)/(-3)). Let l be ((-3)/6)/(2/(t - 2)). Suppose 0 = -7*y + l - 141. Is y prime?
True
Suppose -465159 = -3*y - 3*v, 5*v - 843515 = -4*y - 223303. Is y prime?
False
Let d be 85/(-4)*(-28)/(-70)*-62. Suppose 3*i - d - 4093 = -3*v, 3*v - 2*i - 4635 = 0. Is v a prime number?
True
Let t(c) = c**2 - 40*c + 15017. Is t(0) a composite number?
False
Suppose 20 = 5*h - 5*x, -x - 20 = 4*h - 31. Is (-479)/(-3)*((-2 - -2) + h) a composite number?
False
Let u be -48*(-637 + -8)/5. Suppose -d = -u - 1801. Is d a prime number?
True
Let p(g) = g**2 - 10*g + 28. Let d be p(8). Suppose -d = -x + 9. Is (2215/(-2))/(x/6 - 4) prime?
False
Let v = 407 + -402. Let d(c) = 117*c**2 - 17*c + 93. Is d(v) a composite number?
True
Let j(x) = -4*x**3 - 2*x + 1. Let t be j(1). Let w(y) be the first derivative of -195*y**2/2 + 16*y - 113. Is w(t) composite?
False
Let i(s) = -s + 14. Let v(m) = m - 15. Let q(w) = -5*i(w) - 4*v(w). Let t be q(12). Suppose 92 = t*b - 2830. Is b prime?
False
Let l = 3894 - -20564. Let x = 42205 - l. Is x prime?
True
Let i(o) = 4*o - 13*o**2 - 7*o + o**3 - 13 + 4*o. Let l be i(13). Suppose 5*c + 15 = l, -5*z - 4*c = -3117 - 596. Is z composite?
True
Suppose 0 = -26*i + 19*i + 37667. Let l = i - 3068. Suppose -l + 11603 = 10*q. Is q a composite number?
False
Let c(o) = -680*o - 69. Suppose 2*w + 6*w + 80 = 0. Is c(w) a composite number?
True
Let r(y) = 1097*y**2 + 60*y - 1158. Is r(25) a prime number?
False
Let k be 10 + -4 + 1 + -4. Suppose -k*q - 3*q - 120 = 0. Let z = 30 + q. Is z composite?
True
Let j = 23 - 23. Suppose j = 5*p - 11837 + 877. Suppose -4*v + 5*m + p = 0, 3*v - 3*m = 1484 + 163. Is v a composite number?
True
Let j be (-158)/(-395)*(-1 - 9). Let v(w) = 942*w**2 + 3*w - 5. Is v(j) a prime number?
False
Suppose -10*v - 8*v = -5*v - 3110042. Is v a prime number?
False
Let b(n) = 3*n + 5. Let h(a) = 4*a + 5. Let w(r) = -6*b(r) + 4*h(r). Let g be w(-7). Is g*131 - (-15)/(-5) prime?
True
Let h(k) be the third derivative of 3259*k**4/24 - 5*k**3/2 + 98*k**2. Is h(2) a composite number?
True
Let l(w) = -w**3 + 10*w**2 - 6*w. Let s be l(10). Let a = -60 - s. Suppose a = -15*m + 17*m - 446. Is m a prime number?
True
Is -7 + (125494 - (1 + 3)) a prime number?
False
Let z(w) = 3*w**3 - 9*w**2 + 100*w - 51. Is z(11) a prime number?
False
Let o = 8 - 4. Suppose -o*h - 12 + 20 = 0. Is (19 - 65)*(-257)/h composite?
True
Let i(d) = -7083*d + 1991. Is i(-6) prime?
False
Is 4 + -5 + -5 - (-829198 + 15) composite?
False
Suppose 18*v + 40 = 22*v. Suppose -5*a + 15 = -v. Suppose j - 262 = x, -a*j - 3*x + 1295 = -5*x. Is j a composite number?
False
Let t = 9865 + -17189. Is 6/(-2)*t/((-24)/(-6)) prime?
False
Suppose k + 4*k + x + 15 = 0, 4*k - 2*x = -26. Is 8 + -2 - -2193 - (k - 0) prime?
True
Let u be (-4 - 2) + (7 - (-7 - -16)). Is ((-200856)/3)/u + -6 composite?
False
Is 42347529/18*(-8)/(-36) prime?
False
Let f(a) = 284*a**3 - 7*a**2 + a + 40. Let v be f(8). Suppose -4*q - t + 0*t = -v, -4*q - 5*t = -144992. Is q a composite number?
True
Is ((-1691159)/74)/(1/(-2)) a prime number?
True
Suppose -34*o - 224 = -30*o. Is (84/o)/((-6)/6556) composite?
True
Let l(z) = 172*z + 42. Let n be l(-5). Let o be 6/3*(n/(-4) - 0). Let x = o - 186. Is x composite?
False
Suppose -1321 = 3*a + 3233. Let w = -839 - a. Is w prime?
False
Let p = 2837 - 213. Suppose -p + 32219 = 15*m. Is m prime?
True
Let x(b) = -b**3 - 11*b**2 - 8*b - 2. Let c be x(-11). Suppose -66 = -l - g + 6*g, 4*l - g - 169 = 0. Let o = l + c. Is o a composite number?
False
Let t = 27136 - 899. Is t a prime number?
True
Suppose 3*o + 5*b - 6*b - 9098 = 0, -b = o - 3034. Let h = 13460 - o. Is h a composite number?
False
Let i be (-18)/9*(1/(-2))/(-1). Let j be 7/i + 1244 - (-2)/(-1). Let l = j - 258. Is l prime?
True
Suppose -3*p - f + 1142480 = 0, 5*p + 3*f - 2425693 = -521561. Is p prime?
False
Suppose 0 = 2*a + 6, -3*m + 20419 + 103061 = a. Is m a prime number?
True
Let b(g) = g**3 - 7*g**2 - 16*g + 22. Let f be b(11). Let l = f - 209. Is l prime?
False
Let i = -168268 + 444081. Is i composite?
False
Suppose 2*h + t = 8389, -4*h - 5*t + 1139 + 15636 = 0. Let z = -1391 + h. Suppose 3*p = 0, 14*l - z = 10*l + p. Is l composite?
False
Let y be (-1)/(((-5)/(-5970))/(-1)). Suppose 7*a = y + 2705. Is a composite?
False
Let z = -251603 + 367648. Is z prime?
False
Let t = 386 - -411. Let w be ((-6)/9)/((-4)/16026). Suppose -2*l = -w + t. Is l composite?
False
Is 153093*2*98*27/2268 prime?
False
Suppose -53*n = -37*n - 1570864. Is n a composite number?
False
Let p = -35 - -27. Let a be (4/(-16))/((-2)/p). Is (2 - a) + (-1564)/(-2) composite?
True
Let z(v) = -4*v**3 + 28*v**2 - 8*v + 21. Let j be z(7). Is 47937/5 - (-14)/j a composite number?
False
Let n(f) = -32 + 6*f**2 + 36 + 2*f**3 - 3*f - 3*f**2. Let t be n(-5). Is 2/12 + (-24778)/t prime?
False
Suppose -3*r = -3*w + 2*r - 17, 3*r = -5*w - 17. Let q(b) = 3*b + 22. Let x be q(w). Let n(c) = 99*c - 37. Is n(x) composite?
False
Suppose 16 + 9 = -5*q, 2*i - 253799 = q. Is i a composite number?
True
Let o = 8192 - 3223. Is o prime?
True
Let p(m) = 19*m**2 - 7*m - 1. Let w be p(5). Suppose -4*c = 50*q - 53*q - 24, -2*c + 12 = -5*q. Suppose -3*x = 2*y + 54 - w, -c = -3*y. Is x a composite number?
False
Let w be (-4)/(8/(-6290)) - (20 + -25). Let v = -1391 + w. Is v prime?
True
Let d(n) = 154*n**2 + 44*n - 307. Let